3). Let p = 453 - 40. Calculate the greatest common divisor of h and p.
59
Let u = -4493 - -4525. Calculate the greatest common factor of u and 12592.
16
Let b(c) = -79*c**3 + 5*c**2 + 33*c + 99. Let f be b(-4). Calculate the highest common divisor of f and 378.
189
Suppose 9*x - 5*x + 112 = -s, -4*s + 4*x = 508. Let j = -92 - s. Calculate the highest common factor of 4 and j.
4
Let y(v) = 4*v**2 + 72*v - 4154. Let g be y(55). What is the highest common divisor of 2 and g?
2
Let g be 234641/121 + -4 - 16/88. What is the highest common divisor of 86 and g?
43
Let k = -1384 - -1656. Calculate the highest common divisor of 688 and k.
16
Let k(d) = -20*d - 8. Let f be (-16)/(-136) + 312/(-51). Let g be k(f). Let c = 4 - -3. What is the greatest common divisor of c and g?
7
Let n = -11744 + 11759. Calculate the highest common divisor of 245 and n.
5
Let g be (1 - 3)*(-9)/2. Let c(f) = -f**2 + 12*f + 40. Let r be c(13). Calculate the greatest common factor of r and g.
9
Let i(b) = -12*b + 120. Let g be i(0). Let k be (4/(-3))/((-1)/12). Calculate the greatest common factor of g and k.
8
Suppose -q - 20 - 33 = -p, -59 = -p + 3*q. What is the greatest common factor of 16 and p?
2
Let r(u) = 10*u + 109. Let k be r(-11). Let v be (-25)/((-2 - -3)/k). What is the highest common divisor of v and 5?
5
Let v = -3388 - -3620. Calculate the highest common factor of 377 and v.
29
Suppose -5*c = 5*u + 96 + 159, 4*u - 20 = 0. Let d be (2/(-3))/(2 - c/(-27)). Let a be (-2)/((-8)/18)*(89 - 43). What is the greatest common divisor of d and a?
9
Let g be (-114)/304 + 74/(-16). Let x be (-5)/(-1) + (-8 - g - -7). What is the highest common divisor of x and 360?
9
Suppose 0 = 75*v - 53*v + 295 - 2253. Calculate the greatest common factor of v and 6319.
89
Suppose 0 = -12*t + 7*t + 60. Suppose t*b - 5*b - 2828 = 0. Suppose p = 5*x - 685, 6*x - 3*x = 2*p + b. Calculate the highest common factor of x and 23.
23
Let r = -36 - -41. Let l(b) = -b**2 + 6*b + 7. Let f be l(r). Let s be f - (-3 + 2 - 8/(-4)). Calculate the greatest common divisor of s and 1.
1
Suppose -13*f + 16*f - 15 = 0. Suppose -4*b + 4*l - f + 17 = 0, -b = l - 5. Let p be (-10)/3*(-108)/10. What is the greatest common factor of b and p?
4
Let b be 64080/(-17088)*(1/((-6)/224) - 0). Calculate the greatest common factor of 532 and b.
28
Let c be (-2)/(-10)*-3 - 5226/(-10). What is the highest common divisor of c and 162?
18
Let q be 1/(-4) - 6105/(-660) - -17877. What is the highest common factor of 33 and q?
33
Suppose -2*m + 3108 = -2*n - 2284, -2*m - 3*n = -5367. Calculate the highest common factor of 273 and m.
39
Let p be (-4)/26 - ((-90)/78 + -1). Suppose -2*q = -p, -5*d + 25 = 3*q - 8. What is the greatest common factor of d and 6?
6
Suppose -52*n - 15*n = 10*n - 19635. Suppose 0 = -h - 5, 2*h - 140 = -3*g + 3*h. Calculate the highest common divisor of n and g.
15
Let p = 17033 + -16073. What is the greatest common factor of p and 204?
12
Suppose 7*v - 4232 = 3*v. What is the highest common divisor of 92 and v?
46
Let y(u) = -6*u - 27. Suppose 2*p = -0*t + 5*t + 37, -24 = 4*t - 3*p. Let m be y(t). What is the greatest common divisor of 27 and m?
27
Let q(a) = 41*a - 195. Let p be q(5). Let y be 29 - ((p - (-3)/(-3)) + -4). What is the highest common factor of y and 696?
24
Let c be -1 - -1*(3 + -4). Let k be c/12 - 680/(-48). Calculate the greatest common divisor of k and 98.
14
Suppose 5*m - 3*n + 4*n = 2886, -4044 = -7*m - 2*n. Calculate the highest common divisor of 2232 and m.
72
Suppose -28*s - 15*s = -645. Let v be 5991/57 - (-12)/(-114). Calculate the greatest common factor of s and v.
15
Let h be (633 - 651) + (-1 - -22). What is the greatest common divisor of h and 573?
3
Let x be 5 - (8624/(-7))/8. Suppose 0 = -3*l + 81 + x. Calculate the highest common divisor of l and 16.
16
Let r = 148 - 88. Suppose 4*u = -0*z + 4*z + 52, 40 = 3*u - 2*z. Suppose -2*f = -4*i - u - 30, -f + 5*i + 37 = 0. What is the highest common factor of r and f?
12
Suppose -11*z - 8535 = -24*z + 2*t, -5*z + 3291 = 2*t. What is the highest common divisor of 4161 and z?
219
Suppose 0 = -5*r - 124 + 714. Suppose -5*h + r + 357 = 0. What is the greatest common factor of 760 and h?
95
Suppose 0 = 19*b - 24*b - 450. Let p = 362 + b. Calculate the greatest common divisor of 17 and p.
17
Let f(x) = 21185*x**2 - 790*x - 789. Let w be f(-1). What is the highest common factor of 214 and w?
214
Suppose 0 = 8*s - 2529 - 1783. Calculate the greatest common factor of s and 33.
11
Suppose -5*d = -7*d + 2. Let a be (-4)/(4 + 1/((-6)/21)). Let q be (a/d)/((-2)/(-8)*-2). Calculate the highest common factor of 16 and q.
16
Let u = -7 + 24. Suppose k - a + 16 = 0, 5*k - 4 = -2*a - 49. Let p be 0*k/(-44) + 17*1. What is the highest common divisor of p and u?
17
Let n(k) = -k**2 - 142*k - 2007. Let y be n(-126). What is the highest common divisor of y and 5517?
9
Let w(z) = z**3 - 2. Let s be w(2). Suppose 0 = -15*t + 9*t + 360. Let d be (-50)/t*18*-1. Calculate the highest common factor of s and d.
3
Suppose 1277 - 1587 = -31*w. Suppose -110 = -h + 5*m, -4*h + 3*m - 198 = -570. Suppose x = -2*x + h. Calculate the greatest common factor of x and w.
10
Suppose -20*b - 5*b + 1680 = 10*b. Calculate the highest common divisor of 1784 and b.
8
Suppose 7 = 9*w - 12*w + 4*u, 10 = -4*w + 5*u. Let t be -5 - (4 + -3)*-2. Let c be ((-6)/w)/(t*(-3)/120). What is the greatest common factor of 32 and c?
16
Suppose 0*h + 4*z + 304 = -2*h, -2*h - 308 = 3*z. Suppose -3*s = -s - 468. Let j = h + s. What is the highest common divisor of 111 and j?
37
Let g be 178 - ((-1)/((-1)/7) + -14 - 0). What is the greatest common factor of 205 and g?
5
Let c be 1/(((-105)/(-15))/1890). Calculate the greatest common factor of 1485 and c.
135
Let o = -1765 + 1957. What is the greatest common divisor of o and 18?
6
Let z(m) = 2*m**2 - 63*m - 1371. Let i be z(-20). Let w be 53 - 0/(-1 - 0). What is the highest common divisor of i and w?
53
Let h be (-2270)/25*30/(-6) - -5. Calculate the greatest common factor of 102 and h.
51
Let j(p) = 106*p + 2. Let n be j(1). Suppose -5*r - 4*g = -2*g - 142, 4*g + n = 4*r. Calculate the highest common divisor of r and 28.
28
Suppose -8*r = -50*r + 168. Suppose -v = -4*g + 61, -r*g - 2*v + 4*v = -66. What is the highest common divisor of 56 and g?
14
Let j(z) = z**2 - 95*z + 1466. Let w be j(96). Calculate the highest common divisor of 2982 and w.
142
Let y = -1 + 19. Let v be (8/(-12))/((-1)/y). Let u = 1333 + -1331. Calculate the greatest common factor of u and v.
2
Suppose p - 10 = 4*s, -3*s - 10*p + 8*p = 13. Let n be ((-147)/s)/((-3)/(-9)). Calculate the highest common factor of 245 and n.
49
Let x(o) = o**3 + 11*o**2 + 10*o + 8. Let z be x(-10). Let g be 2 + z/(-6) - (-3490)/30. Calculate the highest common factor of 9 and g.
9
Let o be ((-3)/3 - 3) + (-1602)/(10 - 19). What is the highest common factor of o and 4263?
87
Let h be ((-3816)/12)/(3/(-2)). Let k = -100 + h. Calculate the highest common divisor of k and 7.
7
Let k = 670 + -625. Let y be 4 + (-5)/1 + 19. What is the highest common factor of y and k?
9
Let m(w) = -6*w + 16. Let y be m(-10). Suppose -5*n = -q - 8, q + q = -5*n - y. Let a = 51 + q. What is the highest common factor of a and 161?
23
Suppose -v + 39 + 488 = 0. What is the greatest common factor of v and 155?
31
Let x = 212 + 20. Let v(o) = 34*o**2 - 5*o - 2. Let k be v(-1). Suppose -k = -8*q + 195. Calculate the greatest common divisor of x and q.
29
Suppose -5*g - 97*x + 816 = -93*x, 5*x + 30 = 0. Calculate the greatest common factor of 51 and g.
3
Let k = -5176 - -5292. What is the highest common divisor of k and 20?
4
Let o = 10 + -6. Let z = 2661 - 2658. Calculate the highest common factor of z and o.
1
Let d(o) = 13*o - 56. Let f be d(5). Let k(l) = -l**3 + 13*l**2 - 7*l + 3. Let j be k(f). Calculate the highest common divisor of 24 and j.
24
Suppose -2*j = 3*q + q - 2448, 5*j = 3*q + 6185. Suppose j = 6*a + 490. Let m = a - 68. Calculate the greatest common divisor of m and 7.
7
Let k be -3 - (0/5 + -3). Suppose -3*w + d - 41 + 165 = 0, -4*w + 3*d + 157 = k. What is the greatest common divisor of w and 731?
43
Let n(r) = -21*r - 7. Let x be n(-6). Suppose -65 = -4697*t + 4692*t + 4*w, -5*w = t - 42. 